5091?
-5073
In base 9, what is 25082 - -4?
25086
In base 8, what is 167037 + 1?
167040
In base 3, what is -11 - -202110110021?
202110110010
In base 7, what is -13066 + 23?
-13043
In base 6, what is -4 - -3151?
3143
In base 10, what is -2 + 36830?
36828
In base 5, what is -23024 + -14444?
-43023
In base 3, what is 0 + -1001200012?
-1001200012
In base 15, what is d0 + -67a3?
-66c3
In base 13, what is 857b7 + -4?
857b3
In base 11, what is 12a + -9816?
-9697
In base 2, what is 101010011 + -110?
101001101
In base 10, what is -2 - 13267?
-13269
In base 7, what is -463260 - 23?
-463313
In base 8, what is 1034363 + -7?
1034354
In base 2, what is 1111100000 + 11101100?
10011001100
In base 5, what is -4100113 + 3?
-4100110
In base 6, what is -1412 + 2322?
510
In base 8, what is 4 - 1051033?
-1051027
In base 13, what is -8c1 - 55?
-946
In base 15, what is 41c475 + -3?
41c472
In base 13, what is bc52 - 2?
bc50
In base 12, what is 3 - -7458?
745b
In base 16, what is 2 + a50fd?
a50ff
In base 11, what is 536644 - -3?
536647
In base 10, what is -30817 - 8?
-30825
In base 8, what is -3 - -1662?
1657
In base 13, what is 620ba + -3?
620b7
In base 2, what is -1001101 + -11001100100?
-11010110001
In base 2, what is 101101100 + 11101100011?
100011001111
In base 11, what is -1 - 8714?
-8715
In base 13, what is -1012 + -6?
-1018
In base 15, what is 1 - ce8e?
-ce8d
In base 15, what is 20 - e9?
-c9
In base 8, what is 4 + 41632?
41636
In base 8, what is -101102 - 25?
-101127
In base 12, what is 1904 + 289?
1b91
In base 9, what is -30 + 36214?
36174
In base 11, what is -20 - 7172?
-7192
In base 15, what is 90446 - -5?
9044b
In base 6, what is 152125205 - 4?
152125201
In base 2, what is 11 - 1001110010001100?
-1001110010001001
In base 15, what is 93 - 6a?
28
In base 16, what is -9 - -79a8?
799f
In base 6, what is 232443 + 12?
232455
In base 2, what is -110100000010101 + -101?
-110100000011010
In base 7, what is -316405 + -13?
-316421
In base 11, what is 3613 - 29a?
3324
In base 10, what is -20 + 75731?
75711
In base 10, what is 155 - 916?
-761
In base 13, what is 58 - -38c?
417
In base 10, what is -10071 - -161?
-9910
In base 3, what is -1120201120221 - 10?
-1120201121001
In base 8, what is -53243 + 103?
-53140
In base 7, what is -154 + 4662?
4505
In base 7, what is 321 + -223242?
-222621
In base 5, what is 11443 - 23141?
-11143
In base 6, what is 52405 + -3?
52402
In base 12, what is 13b - 952?
-813
In base 14, what is -288600 + -4?
-288604
In base 10, what is 1 + 135628?
135629
In base 11, what is -319 + 276?
-53
In base 4, what is -22121313 - -10?
-22121303
In base 5, what is -1103434312 - -1?
-1103434311
In base 9, what is 2004115 - -5?
2004121
In base 6, what is -205 - -1053341?
1053132
In base 4, what is -211 - -233230001?
233223130
In base 4, what is -13 - 23002202?
-23002221
In base 9, what is -44655 - -3?
-44652
In base 9, what is 144 - -3135?
3280
In base 8, what is -155615 - 2?
-155617
In base 11, what is -27 - -925?
8a9
In base 9, what is 651412 - 2?
651410
In base 3, what is 11112 + 120121?
202010
In base 12, what is 7b5 + 170?
965
In base 11, what is -1 + 1716?
1715
In base 10, what is -24326 + -4?
-24330
In base 13, what is 8931 + 2?
8933
In base 2, what is 11010010001001001 + -100?
11010010001000101
In base 11, what is 5 + -302489?
-302484
In base 8, what is 60750 - -5?
60755
In base 10, what is 82 + -444?
-362
In base 10, what is 0 + 18411?
18411
In base 12, what is 77 + 4175b?
41816
In base 8, what is -31027 + 30?
-30777
In base 9, what is 35 - 878?
-843
In base 8, what is -14 + -65622?
-65636
In base 11, what is 2 + 9592?
9594
In base 3, what is -10 - 1021022211?
-1021022221
In base 6, what is -2 + -2412104?
-2412110
In base 13, what is 6ab4 - 17?
6a9a
In base 15, what is -1 + 45c8?
45c7
In base 5, what is -102210 + 34?
-102121
In base 11, what is a416 + 0?
a416
In base 6, what is 104 - -1223?
1331
In base 16, what is 2f + 1437?
1466
In base 8, what is -5 + 172263?
172256
In base 9, what is -418 - -4?
-414
In base 4, what is -1110 - -301012?
233302
In base 16, what is 1 + -1a44?
-1a43
In base 14, what is 2853 + -a?
2847
In base 4, what is 13023301 - -1?
13023302
In base 8, what is -67 - -5023?
4734
In base 4, what is 10022 - 312?
3110
In base 16, what is -a8 - -8c?
-1c
In base 4, what is -321303112 - -2?
-321303110
In base 16, what is 15 - -1f?
34
In base 16, what is 3889 - 0?
3889
In base 16, what is 5e - -186e?
18cc
In base 2, what is 11110010011010 + -1?
11110010011001
In base 11, what is -777 - 368?
-1034
In base 15, what is 10 - -368aa?
368ba
In base 2, what is 1110100001001 - 100001001?
1110000000000
In base 13, what is -2 - 51c0?
-51c2
In base 9, what is 102251 + 1?
102252
In base 5, what is -203124214 - -1?
-203124213
In base 11, what is -3 + -3515?
-3518
In base 9, what is -68664 + -8?
-68673
In base 11, what is 46 + 226?
271
In base 16, what is 41 + -b1a?
-ad9
In base 14, what is d - 2da?
-2cb
In base 3, what is 11012212101 + -10?
11012212021
In base 7, what is 451433 - 5?
451425
In base 14, what is -23a9 - -128?
-2281
In base 16, what is 3f + -516?
-4d7
In base 7, what is -333 - 1611?
-2244
In base 2, what is -10101010101001001001 + 11?
-10101010101001000110
In base 6, what is -12012 - -1?
-12011
In base 10, what is -427823 - -4?
-427819
In base 10, what is -1933 + -546?
-2479
In base 2, what is -1001 + -1000010001011100?
-1000010001100101
In base 6, what is 2 + -1201301?
-1201255
In base 9, what is -1331 - 264?
-1605
In base 6, what is -1542330 + -5?
-1542335
In base 6, what is -40 + 513355?
513315
In base 3, what is 101222112011 + -12?
101222111222
In base 8, what is 36341 + 0?
36341
In base 7, what is 14423 + 315?
15041
In base 12, what is -25 + -58?
-81
In base 16, what is 1 + 6fb?
6fc
In base 6, what is 34 - 1113?
-1035
In base 6, what is -3105135 - 2?
-3105141
In base 13, what is b + -4431?
-4423
In base 2, what is -1100000111001100110 + -10?
-1100000111001101000
In base 5, what is -11 - -30242403?
30242342
In base 7, what is -616 + -363?
-1312
In base 16, what is 20b5 + -149?
1f6c
In base 4, what is -20100220 + -21?
-20100301
In base 11, what is 11963 - 5?
11959
In base 13, what is -3aca + 15?
-3ab5
In base 13, what is -3 + 1212a1?
12129b
In base 9, what is 611 - -610?
1321
In base 12, what is 1b613 - 21?
1b5b2
In base 11, what is 39a28 + 3?
39a30
In base 15, what is 5 + -666ab?
-666a6
In base 6, what is 4133 + -54?
4035
In base 11, what is -56 + -911a?
-9175
In base 13, what is -20 - -130?
110
In base 16, what is -15 + -647?
-65c
In base 12, what is -37 - 82a1?
-8318
In base 9, what is -6487362 + 3?
-6487358
In base 15, what is 22 + b367?
b389
In base 8, what is -72451 + 3?
-72446
In base 9, what is -2564 + -1055?
-3630
In base 11, what is -4 - -31049a?
310496
In base 12, what is -6 + -1b487?
-1b491
In base 16, what is 2 + -4a158?
-4a156
In base 11, what is -a - -5303?
52a4
In base 13, what is 1 + 471c9?
471ca
In base 16, what is 22501 - 1?
22500
In base 3, what is 222 + 111012110200?
111012111122
In base 6, what is 1 + -155320?
-155315
In base 13, what is -16a - cc?
-269
In base 3, what is 1101211 + -111121?
220020
In base 10, what is 616 - -30?
646
In base 4, what is 2320020332 - 1?
2320020331
In base 6, what is 41014 - 12?
41002
In base 11, what is 6aa3 + 5?
6aa8
In base 9, what is 26 - -671?
707
In base 6, what is -3 + -1512051?
-1512054
In base 4, what is 1 - -123300?
123301
In base 3, what is -1110 - -2110201?
2102021
In base 15, what is -5ae46 + -5?
-5ae4b
In base 14, what is -8bd6 - -23?
-8bb3
In base 14, what is 782 - d?
773
In base 2, what is 11010000101000 + 1000011?
11010001101011
In base 8, what is -156 + 475?
317
In base 9, what is 2042 - -3?
2045
In base 14, what is -1 + -31a51?
-31a52
In base 10, what is -22269 - -5?
-22264
In base 12, what is 3 + -156b39?
-156b36
In base 2, what is 100 - 111100101110100000?
-111100101110011100
In base 11, what is -996629 + 5?
-996624
In base 15, what is 33383 - -5?
33388
In base 2, what is 100100110 + 111?
100101101
In base 11, what is 26 - -3a2?
418
In base 9, what is -2728 + 11?
-2717
In base 16, what is -1 - -29b6?
29b5
In base 4, what is -1332032 + 21?
-1332011
In base 5, what is 1 + 1040113?
1040114
In base 7, what is 1301510 + -11?
1301466
In base 7, what is -11400142 + 1?
